ded by 21?
8
Calculate the remainder when 416 is divided by 62.
44
Calculate the remainder when 212 is divided by 105.
2
What is the remainder when 24 is divided by 13?
11
Calculate the remainder when 1600 is divided by 29.
5
Calculate the remainder when 66 is divided by 59.
7
Calculate the remainder when 22 is divided by 14.
8
Calculate the remainder when 447 is divided by 91.
83
What is the remainder when 25 is divided by 11?
3
Calculate the remainder when 358 is divided by 7.
1
What is the remainder when 2499 is divided by 40?
19
Calculate the remainder when 190 is divided by 24.
22
Calculate the remainder when 650 is divided by 324.
2
What is the remainder when 6749 is divided by 2248?
5
Calculate the remainder when 2181 is divided by 26.
23
What is the remainder when 3161 is divided by 51?
50
Calculate the remainder when 17398 is divided by 100.
98
Calculate the remainder when 405 is divided by 110.
75
What is the remainder when 191 is divided by 22?
15
Calculate the remainder when 102 is divided by 12.
6
What is the remainder when 446 is divided by 225?
221
Calculate the remainder when 1260 is divided by 250.
10
What is the remainder when 74 is divided by 56?
18
Calculate the remainder when 1321 is divided by 51.
46
Calculate the remainder when 1827 is divided by 589.
60
What is the remainder when 3467 is divided by 13?
9
What is the remainder when 689 is divided by 30?
29
What is the remainder when 1797 is divided by 29?
28
Calculate the remainder when 3166 is divided by 18.
16
What is the remainder when 318 is divided by 103?
9
Calculate the remainder when 3829 is divided by 52.
33
Calculate the remainder when 816 is divided by 234.
114
What is the remainder when 23708 is divided by 208?
204
What is the remainder when 181 is divided by 77?
27
What is the remainder when 205 is divided by 75?
55
Calculate the remainder when 3597 is divided by 12.
9
What is the remainder when 52 is divided by 34?
18
Calculate the remainder when 970 is divided by 13.
8
What is the remainder when 2623 is divided by 22?
5
What is the remainder when 489 is divided by 148?
45
Calculate the remainder when 264 is divided by 21.
12
Calculate the remainder when 140 is divided by 40.
20
Calculate the remainder when 261 is divided by 45.
36
Calculate the remainder when 1180 is divided by 85.
75
What is the remainder when 153 is divided by 14?
13
Calculate the remainder when 405 is divided by 46.
37
What is the remainder when 1077 is divided by 211?
22
Calculate the remainder when 110 is divided by 58.
52
What is the remainder when 303 is divided by 236?
67
Calculate the remainder when 115 is divided by 40.
35
Calculate the remainder when 691 is divided by 301.
89
What is the remainder when 1085 is divided by 33?
29
Calculate the remainder when 2510 is divided by 78.
14
What is the remainder when 16351 is divided by 37?
34
What is the remainder when 5242 is divided by 61?
57
Calculate the remainder when 4607 is divided by 178.
157
What is the remainder when 1529 is divided by 74?
49
Calculate the remainder when 1237 is divided by 127.
94
Calculate the remainder when 189 is divided by 56.
21
Calculate the remainder when 3692 is divided by 7.
3
What is the remainder when 3723 is divided by 413?
6
What is the remainder when 408 is divided by 103?
99
Calculate the remainder when 39 is divided by 15.
9
Calculate the remainder when 17 is divided by 7.
3
What is the remainder when 840 is divided by 16?
8
Calculate the remainder when 652 is divided by 131.
128
Calculate the remainder when 129 is divided by 40.
9
Calculate the remainder when 29 is divided by 5.
4
Calculate the remainder when 105 is divided by 45.
15
What is the remainder when 184 is divided by 56?
16
Calculate the remainder when 857 is divided by 86.
83
Calculate the remainder when 2012 is divided by 13.
10
Calculate the remainder when 13 is divided by 13.
0
What is the remainder when 544 is divided by 91?
89
What is the remainder when 3038 is divided by 1517?
4
What is the remainder when 1841 is divided by 363?
26
Calculate the remainder when 454 is divided by 220.
14
What is the remainder when 948 is divided by 119?
115
Calculate the remainder when 569 is divided by 271.
27
Calculate the remainder when 215 is divided by 25.
15
Calculate the remainder when 22 is divided by 8.
6
Calculate the remainder when 1428 is divided by 1420.
8
What is the remainder when 112 is divided by 23?
20
What is the remainder when 3023 is divided by 189?
188
What is the remainder when 165 is divided by 99?
66
Calculate the remainder when 387 is divided by 26.
23
What is the remainder when 124 is divided by 108?
16
What is the remainder when 486 is divided by 70?
66
Calculate the remainder when 55970 is divided by 28.
26
Calculate the remainder when 1855 is divided by 22.
7
What is the remainder when 13851 is divided by 6921?
9
Calculate the remainder when 170 is divided by 19.
18
What is the remainder when 1257 is divided by 60?
57
Calculate the remainder when 440 is divided by 83.
25
What is the remainder when 1611 is divided by 17?
13
Calculate the remainder when 144 is divided by 22.
12
Calculate the remainder when 205 is divided by 21.
16
Calculate the remainder when 506 is divided by 63.
2
Calculate the remainder when 623 is divided by 199.
26
What is the remainder when 125 is divided by 64?
61
Calculate the remainder when 122 is divided by 62.
60
What is the remainder when 3757 is divided by 188?
185
What is the remainder when 465 is divided by 96?
81
What is the remainder when 208 is divided by 70?
68
Calculate the remainder when 234 is divided by 22.
14
What is the remainder when 509 is divided by 15?
14
What is the remainder when 2583 is divided by 18?
9
Calculate the remainder when 18 is divided by 17.
1
What is the remainder when 1751 is divided by 14?
1
Calculate the remainder when 112 is divided by 30.
22
Calculate the remainder when 18899 is divided by 210.
209
Calculate the remainder when 19343 is divided by 53.
51
Calculate the remainder when 269 is divided by 100.
69
What is the remainder when 74 is divided by 72?
2
Calculate the remainder when 12058 is divided by 20.
18
Calculate the remainder when 27967 is divided by 304.
303
Calculate the remainder when 34 is divided by 10.
4
Calculate the remainder when 345 is divided by 98.
51
Calculate the remainder when 524 is divided by 184.
156
What is the remainder when 252 is divided by 204?
48
What is the remainder when 472 is divided by 19?
16
What is the remainder when 114 is divided by 66?
48
What is the remainder when 334 is divided by 46?
12
What is the remainder when 573 is divided by 262?
49
Calculate the remainder when 625 is divided by 75.
25
What is the remainder when 12 is divided by 8?
4
Calculate the remainder when 376 is divided by 67.
41
Calculate the remainder when 354 is divided by 69.
9
Calculate the remainder when 1789 is divided by 56.
53
What is the remainder when 60 is divided by 38?
22
What is the remainder when 209 is divided by 119?
90
Calculate the remainder when 161 is divided by 23.
0
What is the remainder when 14784 is divided by 9?
6
Calculate the remainder when 525 is divided by 23.
19
Calculate the remainder when 9247 is divided by 250.
247
Calculate the remainder when 772 is divided by 348.
76
What is the remainder when 226 is divided by 82?
62
What is the remainder when 329 is divided by 103?
20
What is the remainder when 696 is divided by 42?
24
What is the remainder when 2316 is divided by 461?
11
What is the remainder when 120 is divided by 14?
8
What is the remainder when 14135 is divided by 372?
371
Calculate the remainder when 119 is divided by 48.
23
Calculate the remainder when 1636 is divided by 409.
0
What is the remainder when 280 is divided by 22?
16
Calculate the remainder when 129 is divided by 107.
22
What is the remainder when 126 is divided by 43?
40
What is the remainder when 98 is divided by 9?
8
What is the remainder when 590 is divided by 4?
2
What is the remainder when 1163 is divided by 128?
11
What is the remainder when 26756 is divided by 40?
36
Calculate the remainder when 1075 is divided by 217.
207
Calculate the remainder when 91 is divided by 24.
19
Calculate the remainder when 469 is divided by 63.
